-23 + (-9 - -33) + 0 + -11.
6
Evaluate 87 - (72 + 88 + -19).
-54
What is -376 - -424 - (-3 - (-4 + 14 + -1))?
60
What is 0 + (1 + -3 + -7 - -17 - -24)?
32
What is the value of (2 - 8) + 385 + -388 - 93?
-102
Calculate 70 - 80 - (46 + (-3 - 1) + 4 + 2).
-58
What is (590 - 470) + (-10 - 5) + 7 + -2?
110
(-8 - -5) + 14 + (-6 - 1 - -45)
49
Calculate 92 - (55 + 11 - (-140 + 163)).
49
77 + -97 - (1 + 4)
-25
What is 85 + 0 - (-8447 - -8627)?
-95
Evaluate -13 - (16 + -11) - -35 - 33.
-16
(-27 + 20 - -22) + (8 - 11 - 49)
-37
What is -1 + (8 - 1) - (944 + -890)?
-48
What is the value of 308 + -214 + (1 - 6 - -28) - -5?
122
-4 - -3 - (-8 + -4 + 1 + -4 + 3)
11
What is the value of -4951 + 4909 - (0 + 1 - -1 - (-18 + 30))?
-32
Evaluate (0 - 20 - (-129 - -117)) + -69.
-77
-22 + 100 + -22 + 72 + -38
90
-14 + (25 - -47) + -35
23
What is -26 + 46 - 51 - (6 + -4 + -2)?
-31
Evaluate -10415 + 10482 - (16 + -1).
52
Calculate 26 - (10 + (-34 - -56) - 18).
12
What is -3907 - -3877 - (-117 + (2 - -2))?
83
What is the value of -33 + -6 + 40 + (4 - 4)?
1
Evaluate (0 - (27 + 0)) + (11 - 27) + 20.
-23
Calculate -42 + (-22 - -85) - (-10 + -78).
109
-72 - 30 - (-2 + 3 + (-4 - 11))
-88
(1 - -9 - 2) + (-47 - (-58 + -2 - -22))
-1
Evaluate 17 - (-34 - -47 - -31).
-27
What is 1 - (-48 - (5 - (18 + -20 + -5)))?
61
Evaluate -41 + (-8 - (-21 + 16 + 4)).
-48
What is 14 - -14 - ((11 - (3 - -8)) + -1)?
29
What is (1 - (4 - -1)) + -196 + (-130 - -304)?
-26
What is the value of -126 + (-5 - 52) - -43?
-140
What is -32 + -20 + 37 + -15 + -38?
-68
Calculate -15 - (28 + -47 - -18) - (0 + 6).
-20
Evaluate 7 - (-5 + -1 + -15 - (6 - 15)).
19
What is the value of -27 + 4 - -47 - (78 + -16)?
-38
What is -6 + -85 + -5 - (-83 - -72) - 18?
-103
-12 + -19 + 69 + (32 - -1)
71
What is the value of 16 - (44 + -7 + -56) - 3?
32
What is 3 - 78 - (-12 + -7 + 3 - (86 - 95))?
-68
43 + (7 - (15 + 13 + 1))
21
Calculate 7 + -14 + (-17 - (0 + -18)).
-6
What is 264 + (-252 - 67) - (2 + -1 - -13)?
-69
What is (23 - 0) + (-19 - (-26 + 18 + -3))?
15
What is the value of -2 + (-15 - (-26 + 37) - -56)?
28
What is the value of (-20 - (-35 - -15)) + (8 - 10) + -51?
-53
Calculate 5 + -7 + 3 + -7 - (123 + -223).
94
Calculate (-14 - 10 - 25) + (-2 - -11).
-40
Evaluate 76 + (17 - (-6 + (-2 - -21 - (5 - -5)))).
90
-66 + (320 - 73) + -85
96
Calculate -9 - (-203 + 194 - (-1 + -1) - -19).
-21
-16 + (-1 - 2) + 30 + -22 + 20
9
What is (-1 - -80) + 23 + -23 + (-24 - (-36 - -1))?
90
What is -75 + (-28 - -189 - 53)?
33
What is -117 + -2 - (1690 + -1759)?
-50
Calculate (-2 + 1 + 692 + -664 - 19) + -1 + 49.
56
Calculate -54 + 4 - (-65 + 51).
-36
What is the value of -90 + 11 + -98 + 40 + 38?
-99
(135 - -1) + 5232 + -5307
61
Evaluate (12 - 26) + 21 + (-9 - 1) - -7.
4
What is the value of -139 + -68 - -198 - (0 + 76)?
-85
26 + -87 - -76 - (0 + 22)
-7
What is -34 + 16 + -1 + 9 - (-66 + 3)?
53
Evaluate (-2 - -4) + -5 - (11 - (-65 + (16 - -11))).
-52
25 - (-79 + 5 - (182 + -207))
74
What is the value of (-16 - 1) + (-1216 - -1242)?
9
What is the value of -5 + 117 + (23 + 4 - 46)?
93
2 + -8 - (33 - 54 - -40 - (68 - 2))
41
Evaluate (-22 - -69) + -24 - -34.
57
Calculate (4 - -15 - (3 - (-5 + -14 + 9))) + -65.
-59
Evaluate -6 - (-6 - -16) - -39 - 88.
-65
Evaluate 21 + -20 + -29 + -41 + -7.
-76
What is the value of -44 + (-7 - (9 + (0 - 17)))?
-43
What is 0 + -16 + (-16 - 4) - (-13 - -1)?
-24
-29 - -24 - (38 - -3 - (-43 + 36))
-53
(7 + -4 - -47) + (643 - 633)
60
What is 1778 - 1793 - (-38 + 1)?
22
What is the value of (12 - -1 - (158 - 147)) + 12?
14
Evaluate -47 + 98 + (-30 - 0).
21
5 + -20 + 5 - (-18 - (-18 - (-9 - 8)))
7
Evaluate -12 + (5 - 4 - (58 - 95)).
26
Evaluate (-45 - 46) + (12 - 0) + (-14 + 8 - -8).
-77
Calculate -5934 + 5921 - (1 + -1 + 21 + -1).
-33
Calculate -10 + 10 + -17 - (-66 + 155).
-106
Calculate -42 + 60 + 0 + -65 - -33.
-14
Calculate -74 + (53 - (-83 + 53)) - (1 + 129).
-121
Evaluate (1 - (-2 + 34)) + (-2698 - -2700).
-29
Evaluate (-1 - 40) + (-34 + 2 - 43 - -56).
-60
What is -32 + (95 - (-65 - -102))?
26
What is 0 + 1 + (2 + 1 - ((65 - 81) + 85))?
-65
(-2 + -5 - -8) + -3 + (24 - 106) + -3
-87
What is -1 - 49 - (5810 + -5926)?
66
Evaluate (-11 - (-107 - -75)) + 5 + 22.
48
(-4 - (6 + -16) - 17) + 11 + 38
38
What is 29 + 3 + -1 + -66 + 40 + 39?
44
Evaluate 100 + (-33 + 1 + 5 - -19) + 3.
95
What is the value of -117 + 104 + (28 - -1) + -47?
-31
(3 - -1) + (-43 - (-90 + -17 + 36))
32
Calculate 5 - (-4 + -20 + (-21 - -97) - (-1 + -6)).
-54
What is the value of (-361 - -385 - (-5 - -2 - -13)) + -116?
-102
What is (6 - -7 - (1 - -4)) + (-2 - 42)?
-36
Evaluate (44 - 84) + -6 + 91.
45
-65 + (73 - -77) - (-37 + -4)
126
What is the value of 9 + (1 + -3 + (-31 - -53) - 111)?
-82
What is the value of 30 - 65 - -38 - -25?
28
Calculate (-10 + 18 - 17) + -1 + (-2 - (-7 + -41)).
36
Calculate (0 - -10) + 5 - (-7 - (-7 + 0) - 0).
15
Calculate -43 + 43 + (-21 - (-3 + 2)).
-20
-21 + (68 + -2 - 33) + 110
122
What is the value of (44 - 51) + (-2 - (2 - (-39 - -4 - 5)))?
-51
Evaluate -29 + 11 - ((0 - 0) + 5 + -15) - -11.
3
-1 + -61 - (-26 + 27 + -25)
-38
(-184 - (39 + -75)) + 129
-19
Evaluate (41 - 1) + (-15 - -14) - (-20 - (-32 + 17)).
44
16 + (-20 - (19 + -15 + 27))
-35
What is (0 - 40) + (-45 - 164 - -325)?
76
What is 4 + -4 + 3 + 0 + (-25 + -43 - -128)?
63
(-18 - -15 - -73) + -9 + 16 + -1
76
-1 + -78 + -1159 + 1209
-29
What is the value of 4 - (-3 + 6 + 12 - (-8 + 12)) - -17?
10
-13 - (9 + (-34 - (13 - 10))) - 19
-4
What is the value of 1 + (24 - -7 - 55 - (-2 + 20))?
-41
Evaluate (-1 - -21) + (25 - 49 - -44).
40
Evaluate -18044 - -17931 - (0 + (-24 - -2)).
-91
Evaluate 4 + (2 + (-3 - -4) - (-59 - -64)).
2
What is 39 - 34 - (-16 - (-19 + 6))?
8
Evaluate -8 - (-10 - (8 - 24)) - (-2 + -37).
25
1 - (-75 - (26 - 34) - (2 - 13))
57
What is 11 + (29 - ((12 - 21) + 7))?
42
6 - -1 - (17 - (-3 + -40 + 15))
-38
-41 + (11 + -6 + -9 - -10) + 3
-32
What is 0 + -3 - -20 - ((1 - -7) + -6 - 10)?
25
What is the value of -56 + -78 + 120 - (0 - -79)?
-93
103 + -148 - (7 - 45)
-7
What is 13 + -3 - ((13 - 4) + (-11 - -45) + -46)?
13
-83 + ((-2 - -14) + (123 - 117) - 18)
-83
What is the value of (-201 - -1) + -2432 + 2538?
-94
Calculate 186 + -157 + -59 - (0 - -55).
-85
Calculate -43 + (-6 - -12) + (116 - 97).
-18
5 - (-1 + (5 - -27)) - (-9 + 24)
-41
Calculate 30 + -7 + (8 - (-15 - -2)) + (8 - -3).
55
What is -6 - -22 - (-8 + 24 + -6 - 19)?
25
4 + -39 + 16 + -7 - 14
-40
What is -39 + (-23 - -76) + (8 - 4) + -42?
-24
Calculate (5 - (-2 + 4 + 10)) + (61 - (-6 - -15)).
45
Evaluate 13 + -19 + (28 - (-4 - -5)) + -148.
-127
(-62 - -20) + -20 + -7
-69
What is the value of (-80 - -83 - 7) + (-1 - -31) - (-2 + -1)?
29
What is the value of 6 + (-26 + 18 - -41)?
39
What is -40 + -32 + 1 + 64 + (-44 - 7)?
-58
Evaluate -40 + (-66 + (11 - 16) - 37).
-148
0 - 5 - (-13 + (34 - 13))
-13
What is 10 + -28 + 16 - (-8 - 13 - 6)?
25
What is the value of -1 - 85 - (15 + (-69 - (-40 - 14)))?
-86
What is -10 - (-9 - -5) - (-56 + 39 + 10)?
1
What is the value of (-1 - -13) + (26 + -46 + 37 - 21) + 17?
25
37 + -4 + -11 + 21 + -17 + -13
13
(-345 + 339 - (-4 + 1)) + -44 + 5
-42
What is the value of 26 - (-47 + 67 + -26)?
32
What is the value of (-36 - -2) + (32 + (-101 - -50) - 3)?
-56
Calculate -112 + 99 + -33 - (-16 + 2).
-32
Calculate 24 + -14 - ((-9 - -19) + 6).
-6
What is the value of -50 + (-66 - (-28 - 46))?
-42
(85 - 71 - -61) + -23
52
What is the value of -196 + 153 + 46 + 115?
118
Evaluate (-14 - (25 - (-40 + 27))) + -35.
-87
Evaluate -58 + 78 + -37 + (3 - 0) + -2.
-16
-72 + -160 + 126 + 24 + -6
-88
What is the value of 31 + (-55 - 1 - -25 - 27)?
-27
27 + (26 + 1 - (515 + -440))
-21
What is the value of (3 - 1) + (-27 - -2) - (1060 + -1170)?
87
Calculate -2 + (36 - 35) - (-2 + -4 + 1).
4
Evaluate (-6 + 0 - (-41 + 17)) + (7 - 21 - -11).
15
Evaluate (7 - -56 - (-42 - -63)) + 1 + -10.
33
-78 + 6 + -94 + 126
-40
-362 + 325 + (-41 - -42)
-36
Evaluate 8 - (3 - 1) - (-13 - -1 - (144 + -119)).
43
Evaluate -89 - -145 - 39 - -59.
76
Evaluate -22 + (-48 - 33) - -74.
-29
What is -3 + 3 - (-1 + 13 + -17) - -21?
26
8 + -18 - (16 + (3 - 0))
-29
Evaluate -2480 + 2496 - (-26 - 0).
42
What is (72 - 82) + -51 + 17 + 0?
-44
Evaluate -2 + 14 + (19 - 13) + 19.
37
Calculate (16 - 42 - -44) + 18.
3